{"id":204,"date":"2021-02-19T13:25:38","date_gmt":"2021-02-19T16:25:38","guid":{"rendered":"http:\/\/abrapalabraediciones.com\/?page_id=204"},"modified":"2021-06-15T20:16:50","modified_gmt":"2021-06-15T23:16:50","slug":"sobre-la-novela","status":"publish","type":"page","link":"https:\/\/abrapalabraediciones.com\/index.php\/sobre-la-novela\/","title":{"rendered":"Ya est\u00e1 aqu\u00ed &#8230;"},"content":{"rendered":"<body>\n<figure class=\"wp-block-image size-large\"><img data-recalc-dims=\"1\" decoding=\"async\" width=\"525\" height=\"117\" src=\"https:\/\/i0.wp.com\/abrapalabraediciones.com\/wp-content\/uploads\/2021\/02\/Editor.jpg?resize=525%2C117\" alt=\"\" class=\"wp-image-250\" loading=\"lazy\" srcset=\"https:\/\/i0.wp.com\/abrapalabraediciones.com\/wp-content\/uploads\/2021\/02\/Editor.jpg?w=800&amp;ssl=1 800w, https:\/\/i0.wp.com\/abrapalabraediciones.com\/wp-content\/uploads\/2021\/02\/Editor.jpg?resize=300%2C67&amp;ssl=1 300w, https:\/\/i0.wp.com\/abrapalabraediciones.com\/wp-content\/uploads\/2021\/02\/Editor.jpg?resize=768%2C171&amp;ssl=1 768w\" sizes=\"(max-width: 767px) 89vw, (max-width: 1000px) 54vw, (max-width: 1071px) 543px, 580px\" \/><\/figure>\n\n\n\n<h2 class=\"wp-block-heading\">El equipo de Abrapalabra Ediciones trabaj\u00f3 a pleno en la edici\u00f3n de la primera novela de Jaime Cancela Bosi. As\u00ed, finalmente, Mac\u00edas Lubkov y La Magia Infinita ya es una realidad. <\/h2>\n\n\n\n<p>Se trata de una novela del g\u00e9nero fant\u00e1stico, de m\u00e1s de 450 p\u00e1ginas, que si bien fue concebida como literatura juvenil, se encasilla perfectamente dentro de lo que se conoce como literatura Crossover, puesto que rompe las barreras generacionales. <br>La Magia Infinita apuesta a una lectura en familia; nos invita a todos, desde los ni\u00f1os m\u00e1s grandes (10 u 11 a\u00f1os) hasta los adultos mayores, a realizar un viaje fant\u00e1stico, pleno de aventuras, emociones y reflexi\u00f3n. <\/p>\n\n\n\n<figure class=\"wp-block-embed is-type-video is-provider-youtube wp-block-embed-youtube wp-embed-aspect-16-9 wp-has-aspect-ratio\"><div class=\"wp-block-embed__wrapper\">\n<iframe loading=\"lazy\" title=\"Grabaci\u00f3n de la presentaci\u00f3n de la novela \u00abMac\u00edas Lubkov y la Magia Infinita\u00bb (07\/05\/2021)\" width=\"525\" height=\"295\" src=\"https:\/\/www.youtube.com\/embed\/Z9sP-g_Ch5U?feature=oembed\" frameborder=\"0\" allow=\"accelerometer; autoplay; clipboard-write; encrypted-media; gyroscope; picture-in-picture; web-share\" referrerpolicy=\"strict-origin-when-cross-origin\" allowfullscreen><\/iframe>\n<\/div><figcaption>Grabaci\u00f3n de la presentaci\u00f3n de la novela en vivo a cargo de Jaime Cancela Bosi (autor) y Carlos CHolo G\u00f3mez Guerrero (editor y Redactor Responsable de Abrapalabra Ediciones).<\/figcaption><\/figure>\n\n\n\n<pre class=\"wp-block-preformatted\"><em><strong>Carme Font Paz comenta sobre Mac\u00edas Lubkov y La Magia Infinita:<\/strong><\/em><\/pre>\n\n\n\n<blockquote class=\"wp-block-quote is-layout-flow wp-block-quote-is-layout-flow\"><p><span style=\"color:#0a2f9e\" class=\"has-inline-color\">\u201c\u2026<br>Destaco favorablemente los siguientes aspectos literarios:<br>a) Originalidad y personalidad en el planteamiento argumental (no todos los manuscritos que se reciben pueden decir lo mismo).<br>b) Ambientaci\u00f3n sugerente, aunque a veces queda en un segundo plano, que sorprende positivamente. Pero tambi\u00e9n puede alienar a un lector poco familiarizado con este g\u00e9nero.<br>c) Un marcado tono familiar y ligeramente m\u00e1gico que anima la narraci\u00f3n y la aleja de lo que, de otro modo, podr\u00eda caer en una narraci\u00f3n excesivamente biogr\u00e1fica y personal. La intenci\u00f3n del autor es sorprender en dos aspectos: la recreaci\u00f3n de una comunidad de migrantes, San Javier, con otra alternativa a la que Mac\u00edas tiene que salvar. A pesar de sus diferencias, una real, otra liminal, su conducta es perfectamente reconocible y variable: acogedora, heredera de una tradici\u00f3n o linaje, en ocasiones hostil, agresiva, pero tambi\u00e9n capaz de actuar con criterio. \u00bfEs posible hallar la armon\u00eda entre los pueblos en un mundo donde se conjuga saber oculto, acci\u00f3n divina, y subyugaci\u00f3n como instrumento social o incluso pol\u00edtico? Tal vez lo m\u00e1s interesante de esta novela es la mezcla arm\u00f3nica de reminiscencias m\u00e1gico-guerreras propias, recomponiendo as\u00ed un universo reconocible con ideales que, a pesar de ser confrontados por la adversidad, se imponen: astucia, libertad, sentido de comunidad y del deber.<br>El autor despliega un amplio caudal imaginativo, su prosa es fresca y en ocasiones incluso nos hace sonre\u00edr. No cae en contradicciones argumentales ni deja cabos sueltos. La novela tampoco olvida adentrarse en el terreno de la pol\u00edtica en un sentido cl\u00e1sico del t\u00e9rmino, cuando el n\u00facleo argumental de ficci\u00f3n se fundamenta en un juego de poderes y de pasiones que encajan perfectamente en un relato de contexto m\u00e1gico que es extrapolable a una comunidad oprimida actual. Resulta un aspecto muy llamativo porque es capaz de crear una narrativa de \u2018saberes ancestrales\u2019 lig\u00e1ndolo a la contemporaneidad y a un sentido del deber: en cualquier momento, el destino puede llamar a nuestras puertas para vencer al mal o asumir responsabilidad sobre una comunidad. A veces, la \u2018profec\u00eda\u2019 puede guiarnos en nuestras vidas.<br>Destaco positivamente la caracterizaci\u00f3n de Mac\u00edas, su intrepidez y capacidad resolutiva. Es un h\u00e9roe imperfecto pero cabal, ning\u00fan personaje es del todo \u2018ejemplar\u2019, pero quiz\u00e1 por ello resultan atractivos. Destaco tambi\u00e9n como detalle interesante el peso y la cercan\u00eda que tienen los animales en esta historia.<br>\u2026\u201d<\/span><\/p><\/blockquote>\n\n\n\n<p>Extra\u00eddo del informe de lectura realizado por Carme Font Paz<br>(Carme Font Paz es doctora en Filolog\u00eda, especialista en cultura m\u00edstica del Renacimiento, profesora de Literatura Inglesa en la Universidad Aut\u00f2noma de Barcelona, autora de varios libros, y traductora de otros autores, as\u00ed como coordinadora de diversos cursos en escritores.org.)<\/p>\n\n\n\n<h2 class=\"has-text-align-center wp-block-heading\"><a href=\"http:\/\/abrapalabraediciones.com\/index.php\/macias-lubkov-y-la-magia-infinita\/\"><strong>Conoce la historia <\/strong><\/a><\/h2>\n<\/body>","protected":false},"excerpt":{"rendered":"<p>El equipo de Abrapalabra Ediciones trabaj\u00f3 a pleno en la edici\u00f3n de la primera novela de Jaime Cancela Bosi. As\u00ed, finalmente, Mac\u00edas Lubkov y La Magia Infinita ya es una realidad. Se trata de una novela del g\u00e9nero fant\u00e1stico, de m\u00e1s de 450 p\u00e1ginas, que si bien fue concebida como literatura juvenil, se encasilla perfectamente &hellip; <\/p>\n<p class=\"link-more\"><a href=\"https:\/\/abrapalabraediciones.com\/index.php\/sobre-la-novela\/\" class=\"more-link\">Continue reading<span class=\"screen-reader-text\"> &#8220;Ya est\u00e1 aqu\u00ed &#8230;&#8221;<\/span><\/a><\/p>\n","protected":false},"author":3,"featured_media":0,"parent":0,"menu_order":0,"comment_status":"closed","ping_status":"closed","template":"","meta":{"om_disable_all_campaigns":false,"_monsterinsights_skip_tracking":false,"_monsterinsights_sitenote_active":false,"_monsterinsights_sitenote_note":"","_monsterinsights_sitenote_category":0,"_joinchat":[],"footnotes":""},"class_list":["post-204","page","type-page","status-publish","hentry"],"jetpack_sharing_enabled":true,"_links":{"self":[{"href":"https:\/\/abrapalabraediciones.com\/index.php\/wp-json\/wp\/v2\/pages\/204"}],"collection":[{"href":"https:\/\/abrapalabraediciones.com\/index.php\/wp-json\/wp\/v2\/pages"}],"about":[{"href":"https:\/\/abrapalabraediciones.com\/index.php\/wp-json\/wp\/v2\/types\/page"}],"author":[{"embeddable":true,"href":"https:\/\/abrapalabraediciones.com\/index.php\/wp-json\/wp\/v2\/users\/3"}],"replies":[{"embeddable":true,"href":"https:\/\/abrapalabraediciones.com\/index.php\/wp-json\/wp\/v2\/comments?post=204"}],"version-history":[{"count":26,"href":"https:\/\/abrapalabraediciones.com\/index.php\/wp-json\/wp\/v2\/pages\/204\/revisions"}],"predecessor-version":[{"id":386,"href":"https:\/\/abrapalabraediciones.com\/index.php\/wp-json\/wp\/v2\/pages\/204\/revisions\/386"}],"wp:attachment":[{"href":"https:\/\/abrapalabraediciones.com\/index.php\/wp-json\/wp\/v2\/media?parent=204"}],"curies":[{"name":"wp","href":"https:\/\/api.w.org\/{rel}","templated":true}]}}